{"id":2,"date":"2021-04-20T15:57:31","date_gmt":"2021-04-20T15:57:31","guid":{"rendered":"http:\/\/andreamontiel.mx\/?page_id=2"},"modified":"2022-01-27T22:54:22","modified_gmt":"2022-01-27T22:54:22","slug":"sample-page","status":"publish","type":"page","link":"https:\/\/andreamontiel.mx\/","title":{"rendered":"home"},"content":{"rendered":"\n<h2 class=\"has-black-background-color has-background wp-block-heading\" style=\"font-size:1px\"><\/h2>\n\n\n\n<div class=\"wp-block-columns is-layout-flex wp-container-core-columns-layout-2 wp-block-columns-is-layout-flex\">\n<div class=\"wp-block-column is-layout-flow wp-block-column-is-layout-flow\" style=\"flex-basis:100%\">\n<div class=\"wp-block-columns is-layout-flex wp-container-core-columns-layout-1 wp-block-columns-is-layout-flex\">\n<div class=\"wp-block-column is-layout-flow wp-block-column-is-layout-flow\" style=\"flex-basis:66.66%\">\n<figure class=\"wp-block-image size-large is-resized\"><img loading=\"lazy\" decoding=\"async\" src=\"http:\/\/andreamontiel.mx\/wp-content\/uploads\/2021\/04\/img0009-e1619028615195.png\" alt=\"\" class=\"wp-image-59\" width=\"704\" height=\"506\" srcset=\"https:\/\/andreamontiel.mx\/wp-content\/uploads\/2021\/04\/img0009-e1619028615195.png 638w, https:\/\/andreamontiel.mx\/wp-content\/uploads\/2021\/04\/img0009-e1619028615195-600x432.png 600w, https:\/\/andreamontiel.mx\/wp-content\/uploads\/2021\/04\/img0009-e1619028615195-300x216.png 300w\" sizes=\"(max-width: 704px) 100vw, 704px\" \/><\/figure>\n<\/div>\n\n\n\n<div class=\"wp-block-column is-layout-flow wp-block-column-is-layout-flow\" style=\"flex-basis:33.33%\">\n<p>Locos y Cuerdos<br><br>Los locos dan festines<br>y los cuerdos son los invitados.<\/p>\n\n\n\n<p>Los locos viven inventando mundos<br>y los cuerdos en mundos inventados.<\/p>\n\n\n\n<p>Los locos crean castillos<br>y los cuerdos los habitan.<\/p>\n\n\n\n<p>Los locos son mitad sue\u00f1o<br>y los cuerdos sue\u00f1o a la mitad.<\/p>\n\n\n\n<p>Los locos crean la m\u00fasica<br>los cuerdos son los escuchas.<\/p>\n\n\n\n<p>Los locos son personajes<br>y los cuerdos son actores.<br>Los locos son la poes\u00eda<br>los cuerdos quienes redactan.<\/p>\n\n\n\n<p>Los locos son la pintura<br>y los cuerdos s\u00f3lo pintan.<\/p>\n\n\n\n<p>Los locos viven en muchos mundos<br>y los cuerdos en la tierra<\/p>\n\n\n\n<p>Los locos se sienten libres<br>y los cuerdos los encierran.<br><br>Andrea Montiel<br>1984<\/p>\n<\/div>\n<\/div>\n<\/div>\n<\/div>\n\n\n\n<hr class=\"wp-block-separator\"\/>\n\n\n\n<div class=\"wp-block-cover has-background-dim\" style=\"min-height:50px\"><img loading=\"lazy\" decoding=\"async\" width=\"1920\" height=\"1565\" class=\"wp-block-cover__image-background wp-image-23\" alt=\"\" src=\"http:\/\/andreamontiel.mx\/wp-content\/uploads\/2021\/04\/hojaoto-1.jpg\" data-object-fit=\"cover\" srcset=\"https:\/\/andreamontiel.mx\/wp-content\/uploads\/2021\/04\/hojaoto-1.jpg 1920w, https:\/\/andreamontiel.mx\/wp-content\/uploads\/2021\/04\/hojaoto-1-600x489.jpg 600w, https:\/\/andreamontiel.mx\/wp-content\/uploads\/2021\/04\/hojaoto-1-300x245.jpg 300w, https:\/\/andreamontiel.mx\/wp-content\/uploads\/2021\/04\/hojaoto-1-1024x835.jpg 1024w, https:\/\/andreamontiel.mx\/wp-content\/uploads\/2021\/04\/hojaoto-1-768x626.jpg 768w, https:\/\/andreamontiel.mx\/wp-content\/uploads\/2021\/04\/hojaoto-1-1536x1252.jpg 1536w, https:\/\/andreamontiel.mx\/wp-content\/uploads\/2021\/04\/hojaoto-1-1200x978.jpg 1200w\" sizes=\"(max-width: 1920px) 100vw, 1920px\" \/><div class=\"wp-block-cover__inner-container is-layout-flow wp-block-cover-is-layout-flow\">\n<p class=\"has-text-align-center has-large-font-size\"><a href=\"http:\/\/andreamontiel.mx\/?p=48\" target=\"_blank\" rel=\"noreferrer noopener\" title=\"http:\/\/andreamontiel.mx\/?p=48\">&#8230;Desde la luz primera<\/a><\/p>\n<\/div><\/div>\n\n\n\n<div class=\"wp-block-cover has-background-dim\" style=\"min-height:77px\"><img loading=\"lazy\" decoding=\"async\" width=\"1920\" height=\"1280\" class=\"wp-block-cover__image-background wp-image-35\" alt=\"\" src=\"http:\/\/andreamontiel.mx\/wp-content\/uploads\/2021\/04\/greens-4926370_1920.jpg\" data-object-fit=\"cover\" srcset=\"https:\/\/andreamontiel.mx\/wp-content\/uploads\/2021\/04\/greens-4926370_1920.jpg 1920w, https:\/\/andreamontiel.mx\/wp-content\/uploads\/2021\/04\/greens-4926370_1920-600x400.jpg 600w\" sizes=\"(max-width: 1920px) 100vw, 1920px\" \/><div class=\"wp-block-cover__inner-container is-layout-flow wp-block-cover-is-layout-flow\">\n<p class=\"has-text-align-center has-large-font-size\"><a href=\"http:\/\/andreamontiel.mx\/?p=86\" target=\"_blank\" rel=\"noreferrer noopener\" title=\"http:\/\/andreamontiel.mx\/?p=86\">&#8230;Catarinas<\/a><\/p>\n<\/div><\/div>\n\n\n\n<div class=\"wp-block-cover has-background-dim\" style=\"min-height:77px\"><img loading=\"lazy\" decoding=\"async\" width=\"302\" height=\"227\" class=\"wp-block-cover__image-background wp-image-36\" alt=\"\" src=\"http:\/\/andreamontiel.mx\/wp-content\/uploads\/2021\/04\/banca.jpg\" data-object-fit=\"cover\" srcset=\"https:\/\/andreamontiel.mx\/wp-content\/uploads\/2021\/04\/banca.jpg 302w, https:\/\/andreamontiel.mx\/wp-content\/uploads\/2021\/04\/banca-300x225.jpg 300w\" sizes=\"(max-width: 302px) 100vw, 302px\" \/><div class=\"wp-block-cover__inner-container is-layout-flow wp-block-cover-is-layout-flow\">\n<p class=\"has-text-align-center has-large-font-size\"><a href=\"http:\/\/andreamontiel.mx\/?p=127\" target=\"_blank\" rel=\"noreferrer noopener\" title=\"http:\/\/andreamontiel.mx\/?p=127\">&#8230;Si me pregunto<\/a><\/p>\n<\/div><\/div>\n\n\n\n<div style=\"height:23px\" aria-hidden=\"true\" class=\"wp-block-spacer\"><\/div>\n\n\n\n<h2 class=\"has-background wp-block-heading\" style=\"background-color:#e4e1dc\">Algo de mi obra<\/h2>\n\n\n\n<hr class=\"wp-block-separator\"\/>\n\n\n\t\t\t<style type=\"text\/css\">\n\t\t\t#dpt-wrapper-668 { --dpt-text-align: left;--dpt-image-crop: center;--dpt-border-radius: 5px;--dpt-small-grid-column: 33.33%;--dpt-large-grid-column: 33.333333333333%;--dpt-h-gutter: 10px;--dpt-v-gutter: 10px; }\t\t\t<\/style>\n\t\t\t\t\t\t<div class=\"display-post-types\"><div id=\"dpt-wrapper-668\" class=\"dpt-wrapper dpt-grid1 multi-col dpt-mason-wrap\" >\n\n\t\t\t\t\t\t\t<div class=\"dpt-entry has-thumbnail\">\n\t\t\t\t\t<div class=\"dpt-entry-wrapper\"><div class=\" dpt-featured-content\"><div class=\" dpt-permalink\"><a href=\"https:\/\/andreamontiel.mx\/?p=563\" class=\"dpt-permalink\"><span class=\"screen-reader-text\">Azul&#8230;.<\/span><\/a><\/div><div class=\" dpt-thumbnail\"><div class=\"dpt-thumbnail-inner\"><img width=\"687\" height=\"476\" class=\"attachment-full size-full wp-post-image\" alt=\"\" context=\"dpt\" data-dpt-src=\"https:\/\/andreamontiel.mx\/wp-content\/uploads\/2021\/04\/salter.jpg\" data-dpt-sizes=\"(max-width: 687px) 100vw, 687px\" data-dpt-srcset=\"https:\/\/andreamontiel.mx\/wp-content\/uploads\/2021\/04\/salter.jpg 687w, https:\/\/andreamontiel.mx\/wp-content\/uploads\/2021\/04\/salter-300x208.jpg 300w, https:\/\/andreamontiel.mx\/wp-content\/uploads\/2021\/04\/salter-600x416.jpg 600w\" \/><\/div><span class=\"dpt-thumbnail-aspect-ratio\" style=\"padding-top: 69%\"><\/span><\/div><\/div><div class=\" sub-entry\"><h3 class=\" dpt-title\"><a class=\"dpt-title-link\" href=\"https:\/\/andreamontiel.mx\/?p=563\" rel=\"bookmark\">Azul&#8230;.<\/a><\/h3><\/div><\/div>\n\t\t\t\t<\/div><!-- .dpt-entry -->\n\t\t\t\t\t\t\t\t<div class=\"dpt-entry has-thumbnail\">\n\t\t\t\t\t<div class=\"dpt-entry-wrapper\"><div class=\" dpt-featured-content\"><div class=\" dpt-permalink\"><a href=\"https:\/\/andreamontiel.mx\/?p=899\" class=\"dpt-permalink\"><span class=\"screen-reader-text\">HELLEN SACAL \/ ANDREA MONTIEL<\/span><\/a><\/div><div class=\" dpt-thumbnail\"><div class=\"dpt-thumbnail-inner\"><img width=\"434\" height=\"317\" class=\"attachment-full size-full wp-post-image\" alt=\"\" context=\"dpt\" data-dpt-src=\"https:\/\/andreamontiel.mx\/wp-content\/uploads\/2021\/05\/sacal8.jpg\" data-dpt-sizes=\"(max-width: 434px) 100vw, 434px\" data-dpt-srcset=\"https:\/\/andreamontiel.mx\/wp-content\/uploads\/2021\/05\/sacal8.jpg 434w, https:\/\/andreamontiel.mx\/wp-content\/uploads\/2021\/05\/sacal8-300x219.jpg 300w\" \/><\/div><span class=\"dpt-thumbnail-aspect-ratio\" style=\"padding-top: 73%\"><\/span><\/div><\/div><div class=\" sub-entry\"><h3 class=\" dpt-title\"><a class=\"dpt-title-link\" href=\"https:\/\/andreamontiel.mx\/?p=899\" rel=\"bookmark\">HELLEN SACAL \/ ANDREA MONTIEL<\/a><\/h3><\/div><\/div>\n\t\t\t\t<\/div><!-- .dpt-entry -->\n\t\t\t\t\t\t\t\t<div class=\"dpt-entry has-thumbnail\">\n\t\t\t\t\t<div class=\"dpt-entry-wrapper\"><div class=\" dpt-featured-content\"><div class=\" dpt-permalink\"><a href=\"https:\/\/andreamontiel.mx\/?p=283\" class=\"dpt-permalink\"><span class=\"screen-reader-text\">Cantos de la Colmena<\/span><\/a><\/div><div class=\" dpt-thumbnail\"><div class=\"dpt-thumbnail-inner\"><img width=\"320\" height=\"480\" class=\"attachment-full size-full wp-post-image\" alt=\"\" context=\"dpt\" data-dpt-src=\"https:\/\/andreamontiel.mx\/wp-content\/uploads\/2021\/04\/colmena_p.jpg\" data-dpt-sizes=\"(max-width: 320px) 100vw, 320px\" data-dpt-srcset=\"https:\/\/andreamontiel.mx\/wp-content\/uploads\/2021\/04\/colmena_p.jpg 320w, https:\/\/andreamontiel.mx\/wp-content\/uploads\/2021\/04\/colmena_p-200x300.jpg 200w\" \/><\/div><span class=\"dpt-thumbnail-aspect-ratio\" style=\"padding-top: 150%\"><\/span><\/div><\/div><div class=\" sub-entry\"><h3 class=\" dpt-title\"><a class=\"dpt-title-link\" href=\"https:\/\/andreamontiel.mx\/?p=283\" rel=\"bookmark\">Cantos de la Colmena<\/a><\/h3><\/div><\/div>\n\t\t\t\t<\/div><!-- .dpt-entry -->\n\t\t\t\t\t\t\t\t<div class=\"dpt-entry has-thumbnail\">\n\t\t\t\t\t<div class=\"dpt-entry-wrapper\"><div class=\" dpt-featured-content\"><div class=\" dpt-permalink\"><a href=\"https:\/\/andreamontiel.mx\/?p=745\" class=\"dpt-permalink\"><span class=\"screen-reader-text\">Abrazos de mar incansable<\/span><\/a><\/div><div class=\" dpt-thumbnail\"><div class=\"dpt-thumbnail-inner\"><img width=\"404\" height=\"480\" class=\"attachment-full size-full wp-post-image\" alt=\"\" context=\"dpt\" data-dpt-src=\"https:\/\/andreamontiel.mx\/wp-content\/uploads\/2021\/05\/filcer2.jpg\" data-dpt-sizes=\"(max-width: 404px) 100vw, 404px\" data-dpt-srcset=\"https:\/\/andreamontiel.mx\/wp-content\/uploads\/2021\/05\/filcer2.jpg 404w, https:\/\/andreamontiel.mx\/wp-content\/uploads\/2021\/05\/filcer2-253x300.jpg 253w\" \/><\/div><span class=\"dpt-thumbnail-aspect-ratio\" style=\"padding-top: 119%\"><\/span><\/div><\/div><div class=\" sub-entry\"><h3 class=\" dpt-title\"><a class=\"dpt-title-link\" href=\"https:\/\/andreamontiel.mx\/?p=745\" rel=\"bookmark\">Abrazos de mar incansable<\/a><\/h3><\/div><\/div>\n\t\t\t\t<\/div><!-- .dpt-entry -->\n\t\t\t\t\t\t\t\t<div class=\"dpt-entry has-thumbnail\">\n\t\t\t\t\t<div class=\"dpt-entry-wrapper\"><div class=\" dpt-featured-content\"><div class=\" dpt-permalink\"><a href=\"https:\/\/andreamontiel.mx\/?p=2364\" class=\"dpt-permalink\"><span class=\"screen-reader-text\">PITA AMOR<\/span><\/a><\/div><div class=\" dpt-thumbnail\"><div class=\"dpt-thumbnail-inner\"><img width=\"1183\" height=\"1770\" class=\"attachment-full size-full wp-post-image\" alt=\"\" context=\"dpt\" data-dpt-src=\"https:\/\/andreamontiel.mx\/wp-content\/uploads\/2021\/07\/LEVRES-URBAINES-Pita-Amor-copia.jpg\" data-dpt-sizes=\"(max-width: 1183px) 100vw, 1183px\" data-dpt-srcset=\"https:\/\/andreamontiel.mx\/wp-content\/uploads\/2021\/07\/LEVRES-URBAINES-Pita-Amor-copia.jpg 1183w, https:\/\/andreamontiel.mx\/wp-content\/uploads\/2021\/07\/LEVRES-URBAINES-Pita-Amor-copia-201x300.jpg 201w, https:\/\/andreamontiel.mx\/wp-content\/uploads\/2021\/07\/LEVRES-URBAINES-Pita-Amor-copia-684x1024.jpg 684w, https:\/\/andreamontiel.mx\/wp-content\/uploads\/2021\/07\/LEVRES-URBAINES-Pita-Amor-copia-768x1149.jpg 768w, https:\/\/andreamontiel.mx\/wp-content\/uploads\/2021\/07\/LEVRES-URBAINES-Pita-Amor-copia-1027x1536.jpg 1027w, https:\/\/andreamontiel.mx\/wp-content\/uploads\/2021\/07\/LEVRES-URBAINES-Pita-Amor-copia-600x898.jpg 600w\" \/><\/div><span class=\"dpt-thumbnail-aspect-ratio\" style=\"padding-top: 150%\"><\/span><\/div><\/div><div class=\" sub-entry\"><h3 class=\" dpt-title\"><a class=\"dpt-title-link\" href=\"https:\/\/andreamontiel.mx\/?p=2364\" rel=\"bookmark\">PITA AMOR<\/a><\/h3><\/div><\/div>\n\t\t\t\t<\/div><!-- .dpt-entry -->\n\t\t\t\t\t\t\t\t<div class=\"dpt-entry has-thumbnail\">\n\t\t\t\t\t<div class=\"dpt-entry-wrapper\"><div class=\" dpt-featured-content\"><div class=\" dpt-permalink\"><a href=\"https:\/\/andreamontiel.mx\/?p=841\" class=\"dpt-permalink\"><span class=\"screen-reader-text\">SARA ZAIDMAN  \/ ANDREA MONTIEL<\/span><\/a><\/div><div class=\" dpt-thumbnail\"><div class=\"dpt-thumbnail-inner\"><img width=\"598\" height=\"433\" class=\"attachment-full size-full wp-post-image\" alt=\"\" context=\"dpt\" data-dpt-src=\"https:\/\/andreamontiel.mx\/wp-content\/uploads\/2021\/05\/z10.jpg\" data-dpt-sizes=\"(max-width: 598px) 100vw, 598px\" data-dpt-srcset=\"https:\/\/andreamontiel.mx\/wp-content\/uploads\/2021\/05\/z10.jpg 598w, https:\/\/andreamontiel.mx\/wp-content\/uploads\/2021\/05\/z10-300x217.jpg 300w\" \/><\/div><span class=\"dpt-thumbnail-aspect-ratio\" style=\"padding-top: 72%\"><\/span><\/div><\/div><div class=\" sub-entry\"><h3 class=\" dpt-title\"><a class=\"dpt-title-link\" href=\"https:\/\/andreamontiel.mx\/?p=841\" rel=\"bookmark\">SARA ZAIDMAN  \/ ANDREA MONTIEL<\/a><\/h3><\/div><\/div>\n\t\t\t\t<\/div><!-- .dpt-entry -->\n\t\t\t\t\t\t\t\t<div class=\"dpt-entry has-thumbnail\">\n\t\t\t\t\t<div class=\"dpt-entry-wrapper\"><div class=\" dpt-featured-content\"><div class=\" dpt-permalink\"><a href=\"https:\/\/andreamontiel.mx\/?p=488\" class=\"dpt-permalink\"><span class=\"screen-reader-text\">JUEGO DE SOLITARIOS<\/span><\/a><\/div><div class=\" dpt-thumbnail\"><div class=\"dpt-thumbnail-inner\"><img width=\"200\" height=\"200\" class=\"attachment-full size-full wp-post-image\" alt=\"\" context=\"dpt\" data-dpt-src=\"https:\/\/andreamontiel.mx\/wp-content\/uploads\/2021\/04\/raices.jpg\" data-dpt-sizes=\"(max-width: 200px) 100vw, 200px\" data-dpt-srcset=\"https:\/\/andreamontiel.mx\/wp-content\/uploads\/2021\/04\/raices.jpg 200w, https:\/\/andreamontiel.mx\/wp-content\/uploads\/2021\/04\/raices-150x150.jpg 150w, https:\/\/andreamontiel.mx\/wp-content\/uploads\/2021\/04\/raices-100x100.jpg 100w\" \/><\/div><span class=\"dpt-thumbnail-aspect-ratio\" style=\"padding-top: 100%\"><\/span><\/div><\/div><div class=\" sub-entry\"><h3 class=\" dpt-title\"><a class=\"dpt-title-link\" href=\"https:\/\/andreamontiel.mx\/?p=488\" rel=\"bookmark\">JUEGO DE SOLITARIOS<\/a><\/h3><\/div><\/div>\n\t\t\t\t<\/div><!-- .dpt-entry -->\n\t\t\t\t\t\t\t\t<div class=\"dpt-entry has-thumbnail\">\n\t\t\t\t\t<div class=\"dpt-entry-wrapper\"><div class=\" dpt-featured-content\"><div class=\" dpt-permalink\"><a href=\"https:\/\/andreamontiel.mx\/?p=483\" class=\"dpt-permalink\"><span class=\"screen-reader-text\">RETRATO DE FAMILIA<\/span><\/a><\/div><div class=\" dpt-thumbnail\"><div class=\"dpt-thumbnail-inner\"><img width=\"200\" height=\"200\" class=\"attachment-full size-full wp-post-image\" alt=\"\" context=\"dpt\" data-dpt-src=\"https:\/\/andreamontiel.mx\/wp-content\/uploads\/2021\/04\/raices.jpg\" data-dpt-sizes=\"(max-width: 200px) 100vw, 200px\" data-dpt-srcset=\"https:\/\/andreamontiel.mx\/wp-content\/uploads\/2021\/04\/raices.jpg 200w, https:\/\/andreamontiel.mx\/wp-content\/uploads\/2021\/04\/raices-150x150.jpg 150w, https:\/\/andreamontiel.mx\/wp-content\/uploads\/2021\/04\/raices-100x100.jpg 100w\" \/><\/div><span class=\"dpt-thumbnail-aspect-ratio\" style=\"padding-top: 100%\"><\/span><\/div><\/div><div class=\" sub-entry\"><h3 class=\" dpt-title\"><a class=\"dpt-title-link\" href=\"https:\/\/andreamontiel.mx\/?p=483\" rel=\"bookmark\">RETRATO DE FAMILIA<\/a><\/h3><\/div><\/div>\n\t\t\t\t<\/div><!-- .dpt-entry -->\n\t\t\t\t\t\t\t\t<div class=\"dpt-entry has-thumbnail\">\n\t\t\t\t\t<div class=\"dpt-entry-wrapper\"><div class=\" dpt-featured-content\"><div class=\" dpt-permalink\"><a href=\"https:\/\/andreamontiel.mx\/?p=517\" class=\"dpt-permalink\"><span class=\"screen-reader-text\">CICATRIZ EN LOS OJOS<\/span><\/a><\/div><div class=\" dpt-thumbnail\"><div class=\"dpt-thumbnail-inner\"><img width=\"308\" height=\"280\" class=\"attachment-full size-full wp-post-image\" alt=\"\" context=\"dpt\" data-dpt-src=\"https:\/\/andreamontiel.mx\/wp-content\/uploads\/2021\/04\/arivera.jpg\" data-dpt-sizes=\"(max-width: 308px) 100vw, 308px\" data-dpt-srcset=\"https:\/\/andreamontiel.mx\/wp-content\/uploads\/2021\/04\/arivera.jpg 308w, https:\/\/andreamontiel.mx\/wp-content\/uploads\/2021\/04\/arivera-300x273.jpg 300w\" \/><\/div><span class=\"dpt-thumbnail-aspect-ratio\" style=\"padding-top: 91%\"><\/span><\/div><\/div><div class=\" sub-entry\"><h3 class=\" dpt-title\"><a class=\"dpt-title-link\" href=\"https:\/\/andreamontiel.mx\/?p=517\" rel=\"bookmark\">CICATRIZ EN LOS OJOS<\/a><\/h3><\/div><\/div>\n\t\t\t\t<\/div><!-- .dpt-entry -->\n\t\t\t\t\t\t\t\t<div class=\"dpt-entry has-thumbnail\">\n\t\t\t\t\t<div class=\"dpt-entry-wrapper\"><div class=\" dpt-featured-content\"><div class=\" dpt-permalink\"><a href=\"https:\/\/andreamontiel.mx\/?p=330\" class=\"dpt-permalink\"><span class=\"screen-reader-text\">Las divinas mutantes<\/span><\/a><\/div><div class=\" dpt-thumbnail\"><div class=\"dpt-thumbnail-inner\"><img width=\"314\" height=\"480\" class=\"attachment-full size-full wp-post-image\" alt=\"\" context=\"dpt\" data-dpt-src=\"https:\/\/andreamontiel.mx\/wp-content\/uploads\/2021\/04\/divmutp.jpg\" data-dpt-sizes=\"(max-width: 314px) 100vw, 314px\" data-dpt-srcset=\"https:\/\/andreamontiel.mx\/wp-content\/uploads\/2021\/04\/divmutp.jpg 314w, https:\/\/andreamontiel.mx\/wp-content\/uploads\/2021\/04\/divmutp-196x300.jpg 196w\" \/><\/div><span class=\"dpt-thumbnail-aspect-ratio\" style=\"padding-top: 153%\"><\/span><\/div><\/div><div class=\" sub-entry\"><h3 class=\" dpt-title\"><a class=\"dpt-title-link\" href=\"https:\/\/andreamontiel.mx\/?p=330\" rel=\"bookmark\">Las divinas mutantes<\/a><\/h3><\/div><\/div>\n\t\t\t\t<\/div><!-- .dpt-entry -->\n\t\t\t\t\n\t\t\t<\/div>\n\t\t\t\t\t\t<\/div>\n\t\t\t","protected":false},"excerpt":{"rendered":"<p>Locos y Cuerdos Los locos dan festinesy los cuerdos son los invitados. Los locos viven inventando mundosy los cuerdos en mundos inventados. Los locos crean castillosy los cuerdos los habitan. Los locos son mitad sue\u00f1oy los cuerdos sue\u00f1o a la mitad. Los locos crean la m\u00fasicalos cuerdos son los escuchas. Los locos son personajesy los [&hellip;]<\/p>\n","protected":false},"author":2,"featured_media":0,"parent":0,"menu_order":0,"comment_status":"closed","ping_status":"closed","template":"","meta":{"footnotes":""},"aioseo_notices":[],"_links":{"self":[{"href":"https:\/\/andreamontiel.mx\/index.php?rest_route=\/wp\/v2\/pages\/2"}],"collection":[{"href":"https:\/\/andreamontiel.mx\/index.php?rest_route=\/wp\/v2\/pages"}],"about":[{"href":"https:\/\/andreamontiel.mx\/index.php?rest_route=\/wp\/v2\/types\/page"}],"author":[{"embeddable":true,"href":"https:\/\/andreamontiel.mx\/index.php?rest_route=\/wp\/v2\/users\/2"}],"replies":[{"embeddable":true,"href":"https:\/\/andreamontiel.mx\/index.php?rest_route=%2Fwp%2Fv2%2Fcomments&post=2"}],"version-history":[{"count":63,"href":"https:\/\/andreamontiel.mx\/index.php?rest_route=\/wp\/v2\/pages\/2\/revisions"}],"predecessor-version":[{"id":2672,"href":"https:\/\/andreamontiel.mx\/index.php?rest_route=\/wp\/v2\/pages\/2\/revisions\/2672"}],"wp:attachment":[{"href":"https:\/\/andreamontiel.mx\/index.php?rest_route=%2Fwp%2Fv2%2Fmedia&parent=2"}],"curies":[{"name":"wp","href":"https:\/\/api.w.org\/{rel}","templated":true}]}}